= -a**3 + 25*a**2 + 40*a - 12. Let t be m(26). What is the greatest common factor of t and 32?
32
Let s(i) = 78*i**3 - 2*i**2 + 2*i - 1. Suppose 0 = 3*l - 3*h + 9, 4*h = -2*l - 0 + 18. Let k be s(l). What is the highest common factor of k and 7?
7
Let b = -122 + 186. What is the greatest common divisor of b and 4?
4
Suppose -2*u - 2*u = -120. Suppose -3*n + 0*n = -6. Let w = u + n. Calculate the greatest common divisor of w and 16.
16
Let d be (30/(-75))/(2/(-400)). Calculate the highest common divisor of 16 and d.
16
Let a be (-4)/(-2 + -6)*76. Suppose 3*p + 2 = a. What is the greatest common divisor of 6 and p?
6
Let t be 4/18 - 312/(-54). Suppose 1 - 5 = 2*s, -4*s - 11 = -q. Suppose -9 = q*c, -3*g - 31 + 112 = 3*c. Calculate the greatest common divisor of g and t.
6
Let a = 164 + -34. Calculate the highest common divisor of a and 52.
26
Let b(x) = -6*x - 14. Let r be b(-14). What is the highest common factor of 10 and r?
10
Let u = 13 - 21. Let l be (u/(-5))/((-4)/(-10)). What is the greatest common divisor of 6 and l?
2
Let p = 74 + -20. Suppose -3*d = 5*g - 83, 5*g + 4 = -21. Calculate the highest common factor of d and p.
18
Let b = 6 - -1. Let a = -5 - -40. Calculate the greatest common factor of a and b.
7
Let h = 21 - 1. Calculate the greatest common factor of 4 and h.
4
Let f(o) = 5*o**2 - 4*o - 4. Let d be f(4). What is the highest common factor of 150 and d?
30
Suppose 8*i - 4*i + 64 = 0. Let z = 4 - i. What is the highest common factor of 4 and z?
4
Let x be (8/(-20))/((-1)/5). Suppose -x*o + 18 = -3*r, -10 = -2*o + 3*r - 4*r. What is the highest common factor of 54 and o?
6
Let j = 17 + 21. Suppose 0 = -3*x - 4*w + j, -w + 11 = 5*x - 41. Calculate the highest common factor of x and 110.
10
Let p = 0 + 1. Let a be ((-1)/3)/(p/(-42)). Calculate the highest common factor of 21 and a.
7
Suppose 36 = 2*g + 2*w, 3*g - g - 48 = 4*w. What is the greatest common divisor of g and 100?
20
Let g be 22 + 3/6*0. Suppose 2*q - g = q. Suppose -z + 4 + q = 0. What is the highest common factor of z and 13?
13
Suppose 0 = m - 2*m + 4*v + 22, 3*v + 23 = 4*m. Let b = 10 - 3. Let w = m + b. Calculate the highest common divisor of w and 27.
9
Let j = 1 - -1. Let w be (-1)/(1*1/(-5)). What is the highest common factor of w and j?
1
Let k(h) = 2*h + 9. Let o be k(4). Let y = o + 1. Calculate the greatest common divisor of y and 3.
3
Suppose -3*g - 19 + 61 = 0. Suppose 0 = -5*z + 16*z - 1232. What is the greatest common divisor of z and g?
14
Suppose 25 = 7*b - 2*b. Suppose b*i = 90 + 180. What is the highest common factor of i and 6?
6
Let v(i) = -2*i**3 - i**2 + 3*i + 5. Let y be v(-3). Calculate the highest common factor of y and 287.
41
Suppose 2*k - 13 + 31 = -4*u, 0 = -5*u - 4*k - 30. Let t = u - -14. What is the greatest common divisor of t and 30?
6
Let n be 1*(1 + -4 + 4). What is the greatest common factor of n and 11?
1
Suppose -5*x = -7*x - 5*k + 60, -x = -2*k - 48. Suppose -4*n + 2*n = -5*w + 12, 20 = 5*w. What is the greatest common divisor of n and x?
4
Let a = -10 + 7. Let i be a + 0 + (7 - 1). What is the highest common factor of 2 and i?
1
Suppose 8*i = -9 + 129. Let f be 9*(20/i + 0). Let h = 2 + 4. Calculate the highest common factor of f and h.
6
Suppose 4*j = 20, 19 = x + 2*j + 5. What is the greatest common factor of 44 and x?
4
Let k(w) = -4*w - 2. Suppose 4*f - 17 = 15. Suppose 4*p + 0 = -f. Let l be k(p). Calculate the highest common factor of l and 2.
2
Suppose 2*a = -2*w + 64, -5*w - 2*a = a - 166. Let q(l) = -45*l. Let c be q(-7). Calculate the highest common divisor of w and c.
35
Suppose -2*o - 2*j = -50, 3*o + 100 = 7*o + j. Suppose 3*l + 5*a - 37 = -2, -4*l = 4*a - 44. Calculate the highest common divisor of o and l.
5
Let u(o) be the third derivative of o**5/30 + o**4/24 - o**3/6 + 6*o**2. Let h be u(2). Calculate the greatest common divisor of h and 63.
9
Let j(h) = -h + 16. Let c(q) = -2*q + 17. Let r(z) = -2*c(z) + 3*j(z). Let v be r(-10). What is the greatest common factor of v and 20?
4
Suppose 0 = -5*z - 6 + 1. Let y be 41 - (z + 1) - -1. Let i(p) = 2*p**2 - 5*p + 4. Let c be i(3). Calculate the highest common factor of y and c.
7
Let q(k) = k**2 - 3*k + 16. Suppose -15*b - 27 = -18*b. Let u be q(b). Calculate the greatest common factor of u and 28.
14
Suppose b = 2*b - 5. Suppose 5*z - 2*w = 3*w + 220, 202 = b*z + 4*w. What is the greatest common factor of z and 6?
6
Suppose t + 2*t - 3 = 0. Suppose 4*f - 12 = -0*f. Suppose 18 = 2*x + 3*w, 8*x - 11 = f*x + w. What is the highest common factor of t and x?
1
Let v be 50*18/10*2/3. Calculate the highest common divisor of v and 90.
30
Suppose 5*d - 263 + 68 = -4*j, -2*j + 97 = 3*d. Suppose 0 = -n - 4*n + 25. Suppose -75 + 25 = -n*l. Calculate the highest common factor of j and l.
10
Suppose -55*t + 1080 = -52*t. What is the greatest common factor of 36 and t?
36
Suppose 4*a - 3*a + 50 = f, 125 = 3*f + 2*a. Let l(m) = -m**3 + 3*m**2 + 4*m + 5. Let r be l(4). Calculate the greatest common factor of f and r.
5
Suppose 34 = 2*n + 6. Suppose 40 = 4*z + 4*o, 6*o - 22 = -z + o. What is the highest common factor of z and n?
7
Let g = -2 + 50. Let s = g - -24. What is the highest common factor of s and 8?
8
Let s(y) = 513*y**2 - 2*y + 1. Let o be s(1). Suppose 5*b - 11 = 2*l + o, l = 1. Calculate the greatest common factor of b and 15.
15
Let a = -34 + 57. Suppose t + 5 - a = 0. What is the highest common divisor of t and 12?
6
Suppose -l = -3*p - 15, -p = -4*l + 3*p + 100. Let r = 70 - 64. Calculate the greatest common factor of r and l.
6
Let j(v) = v**2 + 3*v - 4. Suppose 4*o + 4*k + 22 = -o, 0 = -2*k - 6. Let y = -3 + o. Let d be j(y). Calculate the greatest common factor of d and 2.
2
Suppose 2*o = m - 5*m + 42, -18 = -m + 2*o. Calculate the greatest common factor of 4 and m.
4
Suppose o = 5*o - 60. What is the highest common factor of o and 6?
3
Let i(n) = -n**3 - 5*n**2 + 3*n - 2. Let y be i(-3). Let l = -14 - y. What is the highest common divisor of l and 105?
15
Let o(y) = -33*y + 4. Let h be o(-4). Suppose 0*f = -4*f + h. Let p(v) = v**2 - 4*v + 6. Let k be p(9). Calculate the greatest common factor of k and f.
17
Suppose -5*m - 8*l - 1540 = -3*l, 3*m - 2*l + 939 = 0. Let h be m/(-7) + 6/(-14). Calculate the highest common factor of 22 and h.
22
Suppose 13 = o - 4*o + 4*q, 0 = -4*o + 5*q - 17. Let l = 7 + o. Suppose 4*d = -2*g + 343 - 89, -251 = -l*d + g. Calculate the greatest common factor of 7 and d.
7
Let a be (-1)/((-1)/(-2)) + 6. Suppose 0*v + 4*v = -20. Let f = v + 9. What is the highest common divisor of a and f?
4
Suppose 5*v - 170 + 5 = -5*x, 3*x - 4*v - 78 = 0. What is the highest common factor of 45 and x?
15
Let f = -2 - -16. What is the highest common factor of 112 and f?
14
Let d(f) = f + 3*f**3 - 7*f**3 + 0*f + 3*f**3 + 34. Let u be d(0). Let g = 47 + -30. Calculate the highest common divisor of u and g.
17
Let i = 0 - -1. Let f be ((1 - 1)/(-2))/(-3). Let k = 5 + f. Calculate the highest common factor of i and k.
1
Let z = 6 + -2. Suppose -y = -z*y - 3*l + 48, -3*y + 4*l + 55 = 0. Suppose 4*r - r = 561. What is the greatest common divisor of r and y?
17
Let s(u) = 11*u + 56. Let d be s(-4). What is the greatest common divisor of d and 102?
6
Let k = 16 + -8. Let x = 22 - 17. Suppose z = 4*m - 7, -z + x = 3*m - m. Calculate the highest common divisor of z and k.
1
Let q(z) = -7*z**2 + z. Let h be q(1). Let f be 2/6 - 64/h. What is the greatest common factor of 88 and f?
11
Let r = 15 - 13. Calculate the greatest common divisor of r and 3.
1
Let a be 0 + 0 - 0 - -520. Suppose 4*x = -2*r + 386, 5*x - 2*r - 3*r - a = 0. Calculate the greatest common divisor of x and 11.
11
Suppose -168 = -3*v + 72. Let x be (-152)/5 - 4/(-10). Let n = -20 - x. Calculate the greatest common divisor of n and v.
10
Let s be 358/8 + 5/(-20)*3. What is the greatest common divisor of 4 and s?
4
Suppose -5*j + 229 = -171. What is the highest common divisor of j and 32?
16
Suppose -2*g - 5*l = -73, -5*g - 5*l = 64 - 269. Calculate the highest common factor of 22 and g.
22
Let j(h) = 26*h**2. Let y be j(2). Calculate the greatest common divisor of y and 13.
13
Let c be (-49)/(-2) + 2/(-4). Calculate the highest common factor of c and 84.
12
Let k(d) = 3*d - 1. Let p be k(2). 